{"id":223,"date":"2025-02-12T19:10:44","date_gmt":"2025-02-12T18:10:44","guid":{"rendered":"https:\/\/www.casinoalsace.fr\/?page_id=223"},"modified":"2025-02-12T19:13:20","modified_gmt":"2025-02-12T18:13:20","slug":"partenaires","status":"publish","type":"page","link":"https:\/\/www.casinoalsace.fr\/index.php\/partenaires\/","title":{"rendered":"Partenaires"},"content":{"rendered":"<p>Artiste en Coulisse travaille r\u00e9guli\u00e8rement avec de nombreux partenaires locaux dans le secteur Haute-Alsace et au del\u00e0. Nous les remercions chaleureusement pour leur confiance.<\/p>\n<h2>Retrouvez ci-dessous la liste de l&rsquo;ensemble des partenaires d&rsquo;Artiste en Coulisse<\/h2>\n<table style=\"border-collapse: collapse; width: 100%;\">\n<tbody>\n<tr>\n<td style=\"width: 28.3149%;\">&nbsp;<\/p>\n<figure id=\"attachment_277\" aria-describedby=\"caption-attachment-277\" style=\"width: 243px\" class=\"wp-caption aligncenter\"><img loading=\"lazy\" decoding=\"async\" class=\" wp-image-277\" src=\"http:\/\/www.artisteencoulisse.fr\/wp-content\/uploads\/2025\/01\/23d3708f-53ce-4460-b1f3-484f2bf94020-300x90.jpg\" alt=\"Communaut\u00e9 Chorus Pro paiement administrations publiques\" width=\"243\" height=\"73\" \/><figcaption id=\"caption-attachment-277\" class=\"wp-caption-text\"><span style=\"font-size: 16px;\">\u00a0<\/span><\/figcaption><\/figure>\n<div class=\"mceTemp\"><\/div>\n<\/td>\n<td style=\"width: 71.5639%;\">Afin de simplifier la vie des entreprises et de r\u00e9duire les d\u00e9lais de paiement, les administrations publiques se sont dot\u00e9es de la plateforme <strong>Chorus Pro<\/strong> pour la r\u00e9ception des factures de leurs fournisseurs. <strong>Artiste en Coulisse<\/strong> utilise bien le dispositif <strong>Chorus Pro<\/strong> pour demander le paiement de ses factures.<\/td>\n<\/tr>\n<tr>\n<td style=\"width: 28.3149%;\">\n<p><figure id=\"attachment_268\" aria-describedby=\"caption-attachment-268\" style=\"width: 166px\" class=\"wp-caption aligncenter\"><img loading=\"lazy\" decoding=\"async\" class=\" wp-image-268\" src=\"http:\/\/www.artisteencoulisse.fr\/wp-content\/uploads\/2024\/12\/images.png\" alt=\"Hotel Hannong logo\" width=\"166\" height=\"166\" \/><figcaption id=\"caption-attachment-268\" class=\"wp-caption-text\"><span style=\"font-size: 16px;\">\u00a0<\/span><\/figcaption><\/figure><\/td>\n<td style=\"width: 71.5639%;\"><span style=\"color: #333333;\"><a href=\"https:\/\/www.hotel-hannong.com\/\" target=\"_blank\" rel=\"noopener\"><strong>Hotel Hannong \u00e0 Strasbourg<\/strong><\/a> <span style=\"color: #ffffff;\">&#8211; Un h\u00f4tel de charme contemporain 4 \u00e9toiles au centre-ville de Strasbourg \u00e0 quelques pas de la Cath\u00e9drale avec bar \u00e0 vins, salons de r\u00e9union, s\u00e9minaires.<\/span><\/span><\/td>\n<\/tr>\n<tr>\n<td style=\"width: 28.3149%;\">\n<p><figure id=\"attachment_269\" aria-describedby=\"caption-attachment-269\" style=\"width: 195px\" class=\"wp-caption aligncenter\"><img loading=\"lazy\" decoding=\"async\" class=\" wp-image-269\" src=\"http:\/\/www.artisteencoulisse.fr\/wp-content\/uploads\/2024\/12\/logoccpr-224x300.jpg\" alt=\"communaut\u00e9 de communes du pays rh\u00e9nan logo\" width=\"195\" height=\"264\" \/><figcaption id=\"caption-attachment-269\" class=\"wp-caption-text\"><span style=\"font-size: 16px;\">\u00a0<\/span><\/figcaption><\/figure><\/td>\n<td style=\"width: 71.5639%;\"><span style=\"color: #333333;\"><strong><a href=\"https:\/\/www.cc-paysrhenan.fr\/\" target=\"_blank\" rel=\"noopener\">Communaut\u00e9 de communes du Pays Rh\u00e9nan<\/a><\/strong> <span style=\"color: #ffffff;\">&#8211; La Communaut\u00e9 de Communes du Pays Rh\u00e9nan est un Etablissement Public de Coop\u00e9ration Intercommunale, situ\u00e9 en Alsace du Nord, dans le Bas-Rhin et compte 17 communes.<\/span><\/span><\/td>\n<\/tr>\n<tr>\n<td style=\"width: 28.3149%;\">&nbsp;<\/p>\n<p><a href=\"https:\/\/rigodingo.fr\/\" target=\"_blank\" rel=\"noopener\"><span style=\"color: #333333;\"><img loading=\"lazy\" decoding=\"async\" class=\"size-full wp-image-270 aligncenter\" src=\"http:\/\/www.artisteencoulisse.fr\/wp-content\/uploads\/2024\/12\/cropped-LOGO1-2.jpg\" alt=\"rigodingo logo\" width=\"208\" height=\"140\" \/><\/span><\/a><\/td>\n<td style=\"width: 71.5639%;\"><span style=\"color: #333333;\"><a href=\"https:\/\/rigodingo.fr\/\" target=\"_blank\" rel=\"noopener\"><strong>Rigo Ding&rsquo;o Obernai<\/strong><\/a> <span style=\"color: #ffffff;\">&#8211; Un instant de jeu, un moment d\u2019aventure. Aire de jeu pour enfants de 0 \u00e0 10ans. Sp\u00e9cialement con\u00e7ue pour que les enfants puissent jouer en toute s\u00e9curit\u00e9 sous le regard de leurs parents.<\/span><\/span><\/td>\n<\/tr>\n<tr>\n<td style=\"width: 28.3149%;\"><\/td>\n<td style=\"width: 71.5639%;\"><span style=\"color: #ffffff;\"><strong>Entreprise Addicte<\/strong><\/span><\/td>\n<\/tr>\n<\/tbody>\n<\/table>\n","protected":false},"excerpt":{"rendered":"<p>Artiste en Coulisse travaille r\u00e9guli\u00e8rement avec de nombreux partenaires locaux dans le secteur Haute-Alsace et au del\u00e0. Nous les remercions chaleureusement pour leur confiance. Retrouvez ci-dessous la liste de l&rsquo;ensemble des partenaires d&rsquo;Artiste en Coulisse &nbsp; Afin de simplifier la vie des entreprises et de r\u00e9duire les d\u00e9lais de paiement, les administrations publiques se sont &hellip; <\/p>\n<p class=\"link-more\"><a href=\"https:\/\/www.casinoalsace.fr\/index.php\/partenaires\/\" class=\"more-link\">Lire la suite de<span class=\"screen-reader-text\">\u00ab\u00a0Partenaires\u00a0\u00bb<\/span><\/a><\/p>\n","protected":false},"author":2,"featured_media":0,"parent":0,"menu_order":0,"comment_status":"closed","ping_status":"closed","template":"","meta":{"footnotes":""},"class_list":["post-223","page","type-page","status-publish","hentry"],"yoast_head":"<!-- This site is optimized with the Yoast SEO plugin v23.0 - https:\/\/yoast.com\/wordpress\/plugins\/seo\/ -->\n<title>Nos partenaires - Casino Alsace<\/title>\n<meta name=\"description\" content=\"D\u00e9couvrez la liste de tous les partenaires de confiance avec laquelle nous avons l&#039;habitude de travailler chez Casino Alsace.\" \/>\n<meta name=\"robots\" content=\"index, follow, max-snippet:-1, max-image-preview:large, max-video-preview:-1\" \/>\n<link rel=\"canonical\" href=\"https:\/\/www.casinoalsace.fr\/index.php\/partenaires\/\" \/>\n<meta property=\"og:locale\" content=\"fr_FR\" \/>\n<meta property=\"og:type\" content=\"article\" \/>\n<meta property=\"og:title\" content=\"Nos partenaires - Casino Alsace\" \/>\n<meta property=\"og:description\" content=\"D\u00e9couvrez la liste de tous les partenaires de confiance avec laquelle nous avons l&#039;habitude de travailler chez Casino Alsace.\" \/>\n<meta property=\"og:url\" content=\"https:\/\/www.casinoalsace.fr\/index.php\/partenaires\/\" \/>\n<meta property=\"og:site_name\" content=\"Casino Alsace\" \/>\n<meta property=\"article:modified_time\" content=\"2025-02-12T18:13:20+00:00\" \/>\n<meta property=\"og:image\" content=\"http:\/\/www.artisteencoulisse.fr\/wp-content\/uploads\/2025\/01\/23d3708f-53ce-4460-b1f3-484f2bf94020-300x90.jpg\" \/>\n<meta name=\"twitter:card\" content=\"summary_large_image\" \/>\n<meta name=\"twitter:label1\" content=\"Dur\u00e9e de lecture estim\u00e9e\" \/>\n\t<meta name=\"twitter:data1\" content=\"2 minutes\" \/>\n<script type=\"application\/ld+json\" class=\"yoast-schema-graph\">{\"@context\":\"https:\/\/schema.org\",\"@graph\":[{\"@type\":\"WebPage\",\"@id\":\"https:\/\/www.casinoalsace.fr\/index.php\/partenaires\/\",\"url\":\"https:\/\/www.casinoalsace.fr\/index.php\/partenaires\/\",\"name\":\"Nos partenaires - Casino Alsace\",\"isPartOf\":{\"@id\":\"https:\/\/www.casinoalsace.fr\/#website\"},\"primaryImageOfPage\":{\"@id\":\"https:\/\/www.casinoalsace.fr\/index.php\/partenaires\/#primaryimage\"},\"image\":{\"@id\":\"https:\/\/www.casinoalsace.fr\/index.php\/partenaires\/#primaryimage\"},\"thumbnailUrl\":\"http:\/\/www.artisteencoulisse.fr\/wp-content\/uploads\/2025\/01\/23d3708f-53ce-4460-b1f3-484f2bf94020-300x90.jpg\",\"datePublished\":\"2025-02-12T18:10:44+00:00\",\"dateModified\":\"2025-02-12T18:13:20+00:00\",\"description\":\"D\u00e9couvrez la liste de tous les partenaires de confiance avec laquelle nous avons l'habitude de travailler chez Casino Alsace.\",\"breadcrumb\":{\"@id\":\"https:\/\/www.casinoalsace.fr\/index.php\/partenaires\/#breadcrumb\"},\"inLanguage\":\"fr-FR\",\"potentialAction\":[{\"@type\":\"ReadAction\",\"target\":[\"https:\/\/www.casinoalsace.fr\/index.php\/partenaires\/\"]}]},{\"@type\":\"ImageObject\",\"inLanguage\":\"fr-FR\",\"@id\":\"https:\/\/www.casinoalsace.fr\/index.php\/partenaires\/#primaryimage\",\"url\":\"http:\/\/www.artisteencoulisse.fr\/wp-content\/uploads\/2025\/01\/23d3708f-53ce-4460-b1f3-484f2bf94020-300x90.jpg\",\"contentUrl\":\"http:\/\/www.artisteencoulisse.fr\/wp-content\/uploads\/2025\/01\/23d3708f-53ce-4460-b1f3-484f2bf94020-300x90.jpg\"},{\"@type\":\"BreadcrumbList\",\"@id\":\"https:\/\/www.casinoalsace.fr\/index.php\/partenaires\/#breadcrumb\",\"itemListElement\":[{\"@type\":\"ListItem\",\"position\":1,\"name\":\"Accueil\",\"item\":\"https:\/\/www.casinoalsace.fr\/\"},{\"@type\":\"ListItem\",\"position\":2,\"name\":\"Partenaires\"}]},{\"@type\":\"WebSite\",\"@id\":\"https:\/\/www.casinoalsace.fr\/#website\",\"url\":\"https:\/\/www.casinoalsace.fr\/\",\"name\":\"Casino Alsace\",\"description\":\"by Artiste en Coulisse\",\"publisher\":{\"@id\":\"https:\/\/www.casinoalsace.fr\/#organization\"},\"potentialAction\":[{\"@type\":\"SearchAction\",\"target\":{\"@type\":\"EntryPoint\",\"urlTemplate\":\"https:\/\/www.casinoalsace.fr\/?s={search_term_string}\"},\"query-input\":\"required name=search_term_string\"}],\"inLanguage\":\"fr-FR\"},{\"@type\":\"Organization\",\"@id\":\"https:\/\/www.casinoalsace.fr\/#organization\",\"name\":\"Casino Alsace\",\"url\":\"https:\/\/www.casinoalsace.fr\/\",\"logo\":{\"@type\":\"ImageObject\",\"inLanguage\":\"fr-FR\",\"@id\":\"https:\/\/www.casinoalsace.fr\/#\/schema\/logo\/image\/\",\"url\":\"https:\/\/www.casinoalsace.fr\/wp-content\/uploads\/2024\/01\/cropped-Logo-Casino-Alsace-01.png\",\"contentUrl\":\"https:\/\/www.casinoalsace.fr\/wp-content\/uploads\/2024\/01\/cropped-Logo-Casino-Alsace-01.png\",\"width\":625,\"height\":322,\"caption\":\"Casino Alsace\"},\"image\":{\"@id\":\"https:\/\/www.casinoalsace.fr\/#\/schema\/logo\/image\/\"}}]}<\/script>\n<!-- \/ Yoast SEO plugin. -->","yoast_head_json":{"title":"Nos partenaires - Casino Alsace","description":"D\u00e9couvrez la liste de tous les partenaires de confiance avec laquelle nous avons l'habitude de travailler chez Casino Alsace.","robots":{"index":"index","follow":"follow","max-snippet":"max-snippet:-1","max-image-preview":"max-image-preview:large","max-video-preview":"max-video-preview:-1"},"canonical":"https:\/\/www.casinoalsace.fr\/index.php\/partenaires\/","og_locale":"fr_FR","og_type":"article","og_title":"Nos partenaires - Casino Alsace","og_description":"D\u00e9couvrez la liste de tous les partenaires de confiance avec laquelle nous avons l'habitude de travailler chez Casino Alsace.","og_url":"https:\/\/www.casinoalsace.fr\/index.php\/partenaires\/","og_site_name":"Casino Alsace","article_modified_time":"2025-02-12T18:13:20+00:00","og_image":[{"url":"http:\/\/www.artisteencoulisse.fr\/wp-content\/uploads\/2025\/01\/23d3708f-53ce-4460-b1f3-484f2bf94020-300x90.jpg"}],"twitter_card":"summary_large_image","twitter_misc":{"Dur\u00e9e de lecture estim\u00e9e":"2 minutes"},"schema":{"@context":"https:\/\/schema.org","@graph":[{"@type":"WebPage","@id":"https:\/\/www.casinoalsace.fr\/index.php\/partenaires\/","url":"https:\/\/www.casinoalsace.fr\/index.php\/partenaires\/","name":"Nos partenaires - Casino Alsace","isPartOf":{"@id":"https:\/\/www.casinoalsace.fr\/#website"},"primaryImageOfPage":{"@id":"https:\/\/www.casinoalsace.fr\/index.php\/partenaires\/#primaryimage"},"image":{"@id":"https:\/\/www.casinoalsace.fr\/index.php\/partenaires\/#primaryimage"},"thumbnailUrl":"http:\/\/www.artisteencoulisse.fr\/wp-content\/uploads\/2025\/01\/23d3708f-53ce-4460-b1f3-484f2bf94020-300x90.jpg","datePublished":"2025-02-12T18:10:44+00:00","dateModified":"2025-02-12T18:13:20+00:00","description":"D\u00e9couvrez la liste de tous les partenaires de confiance avec laquelle nous avons l'habitude de travailler chez Casino Alsace.","breadcrumb":{"@id":"https:\/\/www.casinoalsace.fr\/index.php\/partenaires\/#breadcrumb"},"inLanguage":"fr-FR","potentialAction":[{"@type":"ReadAction","target":["https:\/\/www.casinoalsace.fr\/index.php\/partenaires\/"]}]},{"@type":"ImageObject","inLanguage":"fr-FR","@id":"https:\/\/www.casinoalsace.fr\/index.php\/partenaires\/#primaryimage","url":"http:\/\/www.artisteencoulisse.fr\/wp-content\/uploads\/2025\/01\/23d3708f-53ce-4460-b1f3-484f2bf94020-300x90.jpg","contentUrl":"http:\/\/www.artisteencoulisse.fr\/wp-content\/uploads\/2025\/01\/23d3708f-53ce-4460-b1f3-484f2bf94020-300x90.jpg"},{"@type":"BreadcrumbList","@id":"https:\/\/www.casinoalsace.fr\/index.php\/partenaires\/#breadcrumb","itemListElement":[{"@type":"ListItem","position":1,"name":"Accueil","item":"https:\/\/www.casinoalsace.fr\/"},{"@type":"ListItem","position":2,"name":"Partenaires"}]},{"@type":"WebSite","@id":"https:\/\/www.casinoalsace.fr\/#website","url":"https:\/\/www.casinoalsace.fr\/","name":"Casino Alsace","description":"by Artiste en Coulisse","publisher":{"@id":"https:\/\/www.casinoalsace.fr\/#organization"},"potentialAction":[{"@type":"SearchAction","target":{"@type":"EntryPoint","urlTemplate":"https:\/\/www.casinoalsace.fr\/?s={search_term_string}"},"query-input":"required name=search_term_string"}],"inLanguage":"fr-FR"},{"@type":"Organization","@id":"https:\/\/www.casinoalsace.fr\/#organization","name":"Casino Alsace","url":"https:\/\/www.casinoalsace.fr\/","logo":{"@type":"ImageObject","inLanguage":"fr-FR","@id":"https:\/\/www.casinoalsace.fr\/#\/schema\/logo\/image\/","url":"https:\/\/www.casinoalsace.fr\/wp-content\/uploads\/2024\/01\/cropped-Logo-Casino-Alsace-01.png","contentUrl":"https:\/\/www.casinoalsace.fr\/wp-content\/uploads\/2024\/01\/cropped-Logo-Casino-Alsace-01.png","width":625,"height":322,"caption":"Casino Alsace"},"image":{"@id":"https:\/\/www.casinoalsace.fr\/#\/schema\/logo\/image\/"}}]}},"_links":{"self":[{"href":"https:\/\/www.casinoalsace.fr\/index.php\/wp-json\/wp\/v2\/pages\/223","targetHints":{"allow":["GET"]}}],"collection":[{"href":"https:\/\/www.casinoalsace.fr\/index.php\/wp-json\/wp\/v2\/pages"}],"about":[{"href":"https:\/\/www.casinoalsace.fr\/index.php\/wp-json\/wp\/v2\/types\/page"}],"author":[{"embeddable":true,"href":"https:\/\/www.casinoalsace.fr\/index.php\/wp-json\/wp\/v2\/users\/2"}],"replies":[{"embeddable":true,"href":"https:\/\/www.casinoalsace.fr\/index.php\/wp-json\/wp\/v2\/comments?post=223"}],"version-history":[{"count":2,"href":"https:\/\/www.casinoalsace.fr\/index.php\/wp-json\/wp\/v2\/pages\/223\/revisions"}],"predecessor-version":[{"id":233,"href":"https:\/\/www.casinoalsace.fr\/index.php\/wp-json\/wp\/v2\/pages\/223\/revisions\/233"}],"wp:attachment":[{"href":"https:\/\/www.casinoalsace.fr\/index.php\/wp-json\/wp\/v2\/media?parent=223"}],"curies":[{"name":"wp","href":"https:\/\/api.w.org\/{rel}","templated":true}]}}