{"id":17,"date":"2023-10-29T18:49:01","date_gmt":"2023-10-29T17:49:01","guid":{"rendered":"https:\/\/www.casinoalsace.fr\/?page_id=17"},"modified":"2025-07-24T19:03:30","modified_gmt":"2025-07-24T17:03:30","slug":"animations-complementaires","status":"publish","type":"page","link":"https:\/\/www.casinoalsace.fr\/index.php\/animations-complementaires\/","title":{"rendered":"Animations compl\u00e9mentaires"},"content":{"rendered":"<h2>Parce que ce n&rsquo;est pas qu&rsquo;un jeu, c&rsquo;est une ambiance !<\/h2>\n<p>Chez Casino Alsace, nous comprenons que chaque \u00e9v\u00e9nement est unique, c&rsquo;est pourquoi nous vous proposons une gamme vari\u00e9e d&rsquo;options pour personnaliser votre soir\u00e9e au maximum. Ajoutez une touche sp\u00e9ciale \u00e0 votre soir\u00e9e Casino avec nos animations compl\u00e9mentaires, con\u00e7ues pour cr\u00e9er une atmosph\u00e8re de divertissement inoubliable pour votre soir\u00e9e en Alsace.<\/p>\n<h3>Personnalisation des billets<\/h3>\n<p>Pour rendre votre soir\u00e9e Casino encore plus sp\u00e9ciale, personnalisez vos et billets. Ajoutez le logo de votre entreprise, une date importante, ou tout autre \u00e9l\u00e9ment qui refl\u00e8te l&rsquo;occasion. Vos invit\u00e9s repartiront avec des souvenirs tangibles de l&rsquo;\u00e9v\u00e9nement.<\/p>\n<p style=\"text-align: center;\"><img loading=\"lazy\" decoding=\"async\" class=\"size-medium wp-image-100 aligncenter\" src=\"http:\/\/www.casinoalsace.fr\/wp-content\/uploads\/2024\/03\/billets-personnalises-300x212.png\" alt=\"billets personnalis\u00e9s fausse monnaie de jeu casino alsace\" width=\"300\" height=\"212\" srcset=\"https:\/\/www.casinoalsace.fr\/wp-content\/uploads\/2024\/03\/billets-personnalises-300x212.png 300w, https:\/\/www.casinoalsace.fr\/wp-content\/uploads\/2024\/03\/billets-personnalises.png 595w\" sizes=\"auto, (max-width: 300px) 100vw, 300px\" \/><\/p>\n<h3>Ambiance musicale<\/h3>\n<p>Cr\u00e9ez l&rsquo;ambiance parfaite avec notre service d&rsquo;ambiance musicale. Des m\u00e9lodies envo\u00fbtantes, des chansons entra\u00eenantes et une s\u00e9lection musicale adapt\u00e9e \u00e0 votre th\u00e8me rendront votre soir\u00e9e encore plus inoubliable. Nous pouvons vous proposer un DJ sachant mixer tous les styles de musiques. Il saura cr\u00e9er pour votre \u00e9v\u00e9nement une ambiance propice \u00e0 la joie et l&rsquo;amusement. Pour ces prestations, notre DJ sera \u00e9videmment \u00e9quip\u00e9 de son propre mat\u00e9riel de sonorisation, de mix DJ et d&rsquo;\u00e9clairage \/ lumi\u00e8res.<\/p>\n<p style=\"text-align: center;\"><img loading=\"lazy\" decoding=\"async\" class=\"size-medium wp-image-111 aligncenter\" src=\"http:\/\/www.casinoalsace.fr\/wp-content\/uploads\/2024\/03\/animation-musicale-300x212.png\" alt=\"animation musicale soir\u00e9e DJ casino alsace ambiance f\u00eate\" width=\"300\" height=\"212\" srcset=\"https:\/\/www.casinoalsace.fr\/wp-content\/uploads\/2024\/03\/animation-musicale-300x212.png 300w, https:\/\/www.casinoalsace.fr\/wp-content\/uploads\/2024\/03\/animation-musicale.png 595w\" sizes=\"auto, (max-width: 300px) 100vw, 300px\" \/><\/p>\n<h3>D\u00e9corations<\/h3>\n<p>Transformez votre lieu de r\u00e9ception en un v\u00e9ritable casino de Las Vegas. Notre \u00e9quipe de d\u00e9corateurs vous propose une ambiance digne des plus grands \u00e9tablissements de jeu. Du tapis rouge aux enseignes lumineuses, on s&rsquo;y croirait !<\/p>\n<div id=\"metaslider-id-235\" style=\"width: 100%; margin: 0 auto;\" class=\"ml-slider-3-90-0 metaslider metaslider-flex metaslider-235 ml-slider ms-theme-default\" role=\"region\" aria-roledescription=\"Slideshow\" aria-label=\"Diapo d\u00e9corations Casino\">\n    <div id=\"metaslider_container_235\">\n        <div id=\"metaslider_235\">\n            <ul class='slides'>\n                <li style=\"display: none; width: 100%;\" class=\"slide-243 ms-image \" aria-roledescription=\"slide\" aria-label=\"slide-243\"><img loading=\"lazy\" decoding=\"async\" width=\"320\" height=\"240\" src=\"https:\/\/www.casinoalsace.fr\/wp-content\/uploads\/2025\/07\/1000022736.jpg\" class=\"slider-235 slide-243\" alt=\"D\u00e9coration d&#039;entr\u00e9e sur le th\u00e8me du casino, avec tapis rouge, cordons rouge en velours et grande affiche \u00e0 l&#039;entr\u00e9e dispos\u00e9e sur un chevalet\" rel=\"\" title=\"1000022736\" style=\"margin: 0 auto; width: 59.52380952381%\" srcset=\"https:\/\/www.casinoalsace.fr\/wp-content\/uploads\/2025\/07\/1000022736.jpg 320w, https:\/\/www.casinoalsace.fr\/wp-content\/uploads\/2025\/07\/1000022736-300x225.jpg 300w\" sizes=\"auto, 100vw\" \/><\/li>\n                <li style=\"display: none; width: 100%;\" class=\"slide-244 ms-image \" aria-roledescription=\"slide\" aria-label=\"slide-244\"><img loading=\"lazy\" decoding=\"async\" width=\"320\" height=\"240\" src=\"https:\/\/www.casinoalsace.fr\/wp-content\/uploads\/2025\/07\/1000022737.jpg\" class=\"slider-235 slide-244\" alt=\"D\u00e9coration d&#039;entr\u00e9e sur le th\u00e8me du casino, avec tapis rouge, cordons rouge en velours et grande affiche \u00e0 l&#039;entr\u00e9e dispos\u00e9e sur un chevalet\" rel=\"\" title=\"1000022737\" style=\"margin: 0 auto; width: 59.52380952381%\" srcset=\"https:\/\/www.casinoalsace.fr\/wp-content\/uploads\/2025\/07\/1000022737.jpg 320w, https:\/\/www.casinoalsace.fr\/wp-content\/uploads\/2025\/07\/1000022737-300x225.jpg 300w\" sizes=\"auto, 100vw\" \/><\/li>\n                <li style=\"display: none; width: 100%;\" class=\"slide-245 ms-image \" aria-roledescription=\"slide\" aria-label=\"slide-245\"><img loading=\"lazy\" decoding=\"async\" width=\"320\" height=\"240\" src=\"https:\/\/www.casinoalsace.fr\/wp-content\/uploads\/2025\/07\/1000022738.jpg\" class=\"slider-235 slide-245\" alt=\"D\u00e9cor sur le th\u00e8me du casino avec une grande carte as de pique, et affiche d&#039;un film de James Bond au mur\" rel=\"\" title=\"1000022738\" style=\"margin: 0 auto; width: 59.52380952381%\" srcset=\"https:\/\/www.casinoalsace.fr\/wp-content\/uploads\/2025\/07\/1000022738.jpg 320w, https:\/\/www.casinoalsace.fr\/wp-content\/uploads\/2025\/07\/1000022738-300x225.jpg 300w\" sizes=\"auto, 100vw\" \/><\/li>\n                <li style=\"display: none; width: 100%;\" class=\"slide-246 ms-image \" aria-roledescription=\"slide\" aria-label=\"slide-246\"><img loading=\"lazy\" decoding=\"async\" width=\"320\" height=\"240\" src=\"https:\/\/www.casinoalsace.fr\/wp-content\/uploads\/2025\/07\/1000022739.jpg\" class=\"slider-235 slide-246\" alt=\"D\u00e9coration int\u00e9rieure avec un fauteuil gris, un pouf orange, et une silhouette cartonn\u00e9e grandeur nature de James Bond pointant une arme, plac\u00e9e devant un mur d\u00e9coratif avec fleurs blanches et t\u00e9l\u00e9vision.\" rel=\"\" title=\"1000022739\" style=\"margin: 0 auto; width: 59.52380952381%\" srcset=\"https:\/\/www.casinoalsace.fr\/wp-content\/uploads\/2025\/07\/1000022739.jpg 320w, https:\/\/www.casinoalsace.fr\/wp-content\/uploads\/2025\/07\/1000022739-300x225.jpg 300w\" sizes=\"auto, 100vw\" \/><\/li>\n                <li style=\"display: none; width: 100%;\" class=\"slide-247 ms-image \" aria-roledescription=\"slide\" aria-label=\"slide-247\"><img loading=\"lazy\" decoding=\"async\" width=\"320\" height=\"240\" src=\"https:\/\/www.casinoalsace.fr\/wp-content\/uploads\/2025\/07\/1000022740.jpg\" class=\"slider-235 slide-247\" alt=\"D\u00e9coration sur le th\u00e8me du casino avec une grande carte as de c\u0153ur et un luminaire en forme de d\u00e9.\" rel=\"\" title=\"1000022740\" style=\"margin: 0 auto; width: 59.52380952381%\" srcset=\"https:\/\/www.casinoalsace.fr\/wp-content\/uploads\/2025\/07\/1000022740.jpg 320w, https:\/\/www.casinoalsace.fr\/wp-content\/uploads\/2025\/07\/1000022740-300x225.jpg 300w\" sizes=\"auto, 100vw\" \/><\/li>\n                <li style=\"display: none; width: 100%;\" class=\"slide-248 ms-image \" aria-roledescription=\"slide\" aria-label=\"slide-248\"><img loading=\"lazy\" decoding=\"async\" width=\"320\" height=\"240\" src=\"https:\/\/www.casinoalsace.fr\/wp-content\/uploads\/2025\/07\/1000022741.jpg\" class=\"slider-235 slide-248\" alt=\"D\u00e9cor sur le th\u00e8me du casino avec une grande image de machine \u00e0 sous, un d\u00e9 g\u00e9ant, une pyramide de seaux argent\u00e9s sur une table haute et une affiche de film James Bond en arri\u00e8re-plan.\" rel=\"\" title=\"1000022741\" style=\"margin: 0 auto; width: 59.52380952381%\" srcset=\"https:\/\/www.casinoalsace.fr\/wp-content\/uploads\/2025\/07\/1000022741.jpg 320w, https:\/\/www.casinoalsace.fr\/wp-content\/uploads\/2025\/07\/1000022741-300x225.jpg 300w\" sizes=\"auto, 100vw\" \/><\/li>\n                <li style=\"display: none; width: 100%;\" class=\"slide-249 ms-image \" aria-roledescription=\"slide\" aria-label=\"slide-249\"><img loading=\"lazy\" decoding=\"async\" width=\"320\" height=\"240\" src=\"https:\/\/www.casinoalsace.fr\/wp-content\/uploads\/2025\/07\/1000022742.jpg\" class=\"slider-235 slide-249\" alt=\"D\u00e9coration sur le th\u00e8me de James Bond avec affiches de films, un n\u00e9on &#039;Welcome to Fabulous Las Vegas&#039;, une table avec verres \u00e0 champagne et jetons dor\u00e9s.\" rel=\"\" title=\"1000022742\" style=\"margin: 0 auto; width: 59.52380952381%\" srcset=\"https:\/\/www.casinoalsace.fr\/wp-content\/uploads\/2025\/07\/1000022742.jpg 320w, https:\/\/www.casinoalsace.fr\/wp-content\/uploads\/2025\/07\/1000022742-300x225.jpg 300w\" sizes=\"auto, 100vw\" \/><\/li>\n                <li style=\"display: none; width: 100%;\" class=\"slide-256 ms-image \" aria-roledescription=\"slide\" aria-label=\"slide-256\"><img loading=\"lazy\" decoding=\"async\" width=\"1440\" height=\"2560\" src=\"https:\/\/www.casinoalsace.fr\/wp-content\/uploads\/2025\/07\/10E-scaled.jpg\" class=\"slider-235 slide-256\" alt=\"D\u00e9coration ballon casino reine de c\u0153ur\" rel=\"\" title=\"10\u20ac\" style=\"margin: 0 auto; width: 25.111607142857%\" srcset=\"https:\/\/www.casinoalsace.fr\/wp-content\/uploads\/2025\/07\/10E-scaled.jpg 1440w, https:\/\/www.casinoalsace.fr\/wp-content\/uploads\/2025\/07\/10E-169x300.jpg 169w, https:\/\/www.casinoalsace.fr\/wp-content\/uploads\/2025\/07\/10E-576x1024.jpg 576w\" sizes=\"auto, 100vw\" \/><\/li>\n                <li style=\"display: none; width: 100%;\" class=\"slide-257 ms-image \" aria-roledescription=\"slide\" aria-label=\"slide-257\"><img loading=\"lazy\" decoding=\"async\" width=\"1440\" height=\"2560\" src=\"https:\/\/www.casinoalsace.fr\/wp-content\/uploads\/2025\/07\/15E-scaled.jpg\" class=\"slider-235 slide-257\" alt=\"D\u00e9coration ballons casino\" rel=\"\" title=\"15\u20ac\" style=\"margin: 0 auto; width: 25.111607142857%\" srcset=\"https:\/\/www.casinoalsace.fr\/wp-content\/uploads\/2025\/07\/15E-scaled.jpg 1440w, https:\/\/www.casinoalsace.fr\/wp-content\/uploads\/2025\/07\/15E-169x300.jpg 169w, https:\/\/www.casinoalsace.fr\/wp-content\/uploads\/2025\/07\/15E-576x1024.jpg 576w\" sizes=\"auto, 100vw\" \/><\/li>\n                <li style=\"display: none; width: 100%;\" class=\"slide-258 ms-image \" aria-roledescription=\"slide\" aria-label=\"slide-258\"><img loading=\"lazy\" decoding=\"async\" width=\"1536\" height=\"2048\" src=\"https:\/\/www.casinoalsace.fr\/wp-content\/uploads\/2025\/07\/40E.jpg\" class=\"slider-235 slide-258\" alt=\"D\u00e9coration ballons casino\" rel=\"\" title=\"40\u20ac\" style=\"margin: 0 auto; width: 33.482142857143%\" srcset=\"https:\/\/www.casinoalsace.fr\/wp-content\/uploads\/2025\/07\/40E.jpg 1536w, https:\/\/www.casinoalsace.fr\/wp-content\/uploads\/2025\/07\/40E-225x300.jpg 225w, https:\/\/www.casinoalsace.fr\/wp-content\/uploads\/2025\/07\/40E-768x1024.jpg 768w\" sizes=\"auto, 100vw\" \/><\/li>\n                <li style=\"display: none; width: 100%;\" class=\"slide-259 ms-image \" aria-roledescription=\"slide\" aria-label=\"slide-259\"><img loading=\"lazy\" decoding=\"async\" width=\"236\" height=\"314\" src=\"https:\/\/www.casinoalsace.fr\/wp-content\/uploads\/2025\/07\/65.jpg\" class=\"slider-235 slide-259\" alt=\"D\u00e9coration ballons casino d\u00e9 de jeu\" rel=\"\" title=\"65\" style=\"margin: 0 auto; width: 33.553230209281%\" srcset=\"https:\/\/www.casinoalsace.fr\/wp-content\/uploads\/2025\/07\/65.jpg 236w, https:\/\/www.casinoalsace.fr\/wp-content\/uploads\/2025\/07\/65-225x300.jpg 225w\" sizes=\"auto, 100vw\" \/><\/li>\n                <li style=\"display: none; width: 100%;\" class=\"slide-260 ms-image \" aria-roledescription=\"slide\" aria-label=\"slide-260\"><img loading=\"lazy\" decoding=\"async\" width=\"800\" height=\"695\" src=\"https:\/\/www.casinoalsace.fr\/wp-content\/uploads\/2025\/07\/85.gif\" class=\"slider-235 slide-260\" alt=\"D\u00e9coration d&#039;une entr\u00e9e sur le th\u00e8me du casino avec ballons rouges et noirs, cartes en ballons, d\u00e9s en ballons\" rel=\"\" title=\"85\" style=\"margin: 0 auto; width: 51.387461459404%\" sizes=\"auto, 100vw\" \/><\/li>\n            <\/ul>\n        <\/div>\n        \n    <\/div>\n<\/div>\n<h3>Photographe<\/h3>\n<p>Capturez les moments pr\u00e9cieux de votre soir\u00e9e gr\u00e2ce \u00e0 notre photographe professionnel. Des photos de haute qualit\u00e9 immortaliseront l&rsquo;excitation de la soir\u00e9e Casino et les sourires de vos invit\u00e9s.<\/p>\n<p style=\"text-align: center;\"><img loading=\"lazy\" decoding=\"async\" class=\"size-medium wp-image-81\" src=\"http:\/\/www.casinoalsace.fr\/wp-content\/uploads\/2024\/01\/photographe-300x212.png\" alt=\"casino alsace prestation photographe photos soir\u00e9e\" width=\"300\" height=\"212\" srcset=\"https:\/\/www.casinoalsace.fr\/wp-content\/uploads\/2024\/01\/photographe-300x212.png 300w, https:\/\/www.casinoalsace.fr\/wp-content\/uploads\/2024\/01\/photographe.png 595w\" sizes=\"auto, (max-width: 300px) 100vw, 300px\" \/><\/p>\n<h3>Magicien<\/h3>\n<p>Ajoutez une touche de myst\u00e8re et d&rsquo;\u00e9merveillement avec un magicien professionnel. Ses tours de magie fascineront vos convives et cr\u00e9eront des souvenirs inoubliables.<\/p>\n<p style=\"text-align: center;\"><img loading=\"lazy\" decoding=\"async\" class=\"size-medium wp-image-83\" src=\"http:\/\/www.casinoalsace.fr\/wp-content\/uploads\/2024\/01\/Magicien-300x212.png\" alt=\"casino alsace prestation magicien\" width=\"300\" height=\"212\" srcset=\"https:\/\/www.casinoalsace.fr\/wp-content\/uploads\/2024\/01\/Magicien-300x212.png 300w, https:\/\/www.casinoalsace.fr\/wp-content\/uploads\/2024\/01\/Magicien.png 595w\" sizes=\"auto, (max-width: 300px) 100vw, 300px\" \/><\/p>\n<h3>Animation Blind Test<\/h3>\n<p>Faites vibrer la piste de danse avec notre DJ expert et organisez un divertissant Blind Test. Testez vos connaissances musicales et dansez jusqu&rsquo;au bout de la nuit.<\/p>\n<p style=\"text-align: center;\"><img loading=\"lazy\" decoding=\"async\" class=\"size-medium wp-image-84\" src=\"http:\/\/www.casinoalsace.fr\/wp-content\/uploads\/2024\/01\/blind-test-300x212.png\" alt=\"casino alsace blind test\" width=\"300\" height=\"212\" srcset=\"https:\/\/www.casinoalsace.fr\/wp-content\/uploads\/2024\/01\/blind-test-300x212.png 300w, https:\/\/www.casinoalsace.fr\/wp-content\/uploads\/2024\/01\/blind-test.png 595w\" sizes=\"auto, (max-width: 300px) 100vw, 300px\" \/><\/p>\n<h3>Barmans et mixologues<\/h3>\n<p>\u00c9patez vos invit\u00e9s avec des cocktails \u00e9labor\u00e9s par nos barmans et mixologues. Des boissons uniques et rafra\u00eechissantes raviront les papilles de tous.<\/p>\n<p style=\"text-align: center;\"><img loading=\"lazy\" decoding=\"async\" class=\"size-medium wp-image-98 aligncenter\" src=\"http:\/\/www.casinoalsace.fr\/wp-content\/uploads\/2024\/03\/barman-300x212.png\" alt=\"barman soir\u00e9e casino alsace boissons cocktail service mixologue\" width=\"300\" height=\"212\" srcset=\"https:\/\/www.casinoalsace.fr\/wp-content\/uploads\/2024\/03\/barman-300x212.png 300w, https:\/\/www.casinoalsace.fr\/wp-content\/uploads\/2024\/03\/barman.png 595w\" sizes=\"auto, (max-width: 300px) 100vw, 300px\" \/><\/p>\n<h2>Vous \u00eates int\u00e9ress\u00e9 ? Pr\u00eat \u00e0 passer \u00e0 l&rsquo;\u00e9tape suivante ?<\/h2>\n<p style=\"text-align: center;\"><a href=\"https:\/\/www.casinoalsace.fr\/index.php\/nous-contacter\/\"><input style=\"background: #FF4742; border: 1px solid #FF4742; border-radius: 6px; box-shadow: rgba(0, 0, 0, 0.1) 1px 2px 4px; box-sizing: border-box; color: #ffffff; cursor: pointer; display: inline-block; font-size: 16px; font-weight: 800; line-height: 16px; min-height: 40px; outline: 0; padding: 12px 14px; text-align: center; text-rendering: geometricprecision; touch-action: manipulation; vertical-align: middle;\" type=\"button\" value=\"Je contacte Casino Alsace\" \/><\/a><\/p>\n","protected":false},"excerpt":{"rendered":"<p>Parce que ce n&rsquo;est pas qu&rsquo;un jeu, c&rsquo;est une ambiance ! Chez Casino Alsace, nous comprenons que chaque \u00e9v\u00e9nement est unique, c&rsquo;est pourquoi nous vous proposons une gamme vari\u00e9e d&rsquo;options pour personnaliser votre soir\u00e9e au maximum. Ajoutez une touche sp\u00e9ciale \u00e0 votre soir\u00e9e Casino avec nos animations compl\u00e9mentaires, con\u00e7ues pour cr\u00e9er une atmosph\u00e8re de divertissement &hellip; <\/p>\n<p class=\"link-more\"><a href=\"https:\/\/www.casinoalsace.fr\/index.php\/animations-complementaires\/\" class=\"more-link\">Lire la suite de<span class=\"screen-reader-text\">\u00ab\u00a0Animations compl\u00e9mentaires\u00a0\u00bb<\/span><\/a><\/p>\n","protected":false},"author":1,"featured_media":0,"parent":0,"menu_order":0,"comment_status":"closed","ping_status":"closed","template":"","meta":{"footnotes":""},"class_list":["post-17","page","type-page","status-publish","hentry"],"yoast_head":"<!-- This site is optimized with the Yoast SEO plugin v23.0 - https:\/\/yoast.com\/wordpress\/plugins\/seo\/ -->\n<title>Nos animations compl\u00e9mentaires | Casino Alsace<\/title>\n<meta name=\"description\" content=\"Casino Alsace propose une large gamme de services compl\u00e9mentaires pour agr\u00e9menter et personnaliser votre soir\u00e9e Casino. Contactez-nous !\" \/>\n<meta name=\"robots\" content=\"index, follow, max-snippet:-1, max-image-preview:large, max-video-preview:-1\" \/>\n<link rel=\"canonical\" href=\"https:\/\/www.casinoalsace.fr\/index.php\/animations-complementaires\/\" \/>\n<meta property=\"og:locale\" content=\"fr_FR\" \/>\n<meta property=\"og:type\" content=\"article\" \/>\n<meta property=\"og:title\" content=\"Nos animations compl\u00e9mentaires | Casino Alsace\" \/>\n<meta property=\"og:description\" content=\"Casino Alsace propose une large gamme de services compl\u00e9mentaires pour agr\u00e9menter et personnaliser votre soir\u00e9e Casino. Contactez-nous !\" \/>\n<meta property=\"og:url\" content=\"https:\/\/www.casinoalsace.fr\/index.php\/animations-complementaires\/\" \/>\n<meta property=\"og:site_name\" content=\"Casino Alsace\" \/>\n<meta property=\"article:modified_time\" content=\"2025-07-24T17:03:30+00:00\" \/>\n<meta property=\"og:image\" content=\"http:\/\/www.casinoalsace.fr\/wp-content\/uploads\/2024\/03\/billets-personnalises-300x212.png\" \/>\n<meta name=\"twitter:card\" content=\"summary_large_image\" \/>\n<meta name=\"twitter:label1\" content=\"Dur\u00e9e de lecture estim\u00e9e\" \/>\n\t<meta name=\"twitter:data1\" content=\"3 minutes\" \/>\n<script type=\"application\/ld+json\" class=\"yoast-schema-graph\">{\"@context\":\"https:\/\/schema.org\",\"@graph\":[{\"@type\":\"WebPage\",\"@id\":\"https:\/\/www.casinoalsace.fr\/index.php\/animations-complementaires\/\",\"url\":\"https:\/\/www.casinoalsace.fr\/index.php\/animations-complementaires\/\",\"name\":\"Nos animations compl\u00e9mentaires | Casino Alsace\",\"isPartOf\":{\"@id\":\"https:\/\/www.casinoalsace.fr\/#website\"},\"primaryImageOfPage\":{\"@id\":\"https:\/\/www.casinoalsace.fr\/index.php\/animations-complementaires\/#primaryimage\"},\"image\":{\"@id\":\"https:\/\/www.casinoalsace.fr\/index.php\/animations-complementaires\/#primaryimage\"},\"thumbnailUrl\":\"http:\/\/www.casinoalsace.fr\/wp-content\/uploads\/2024\/03\/billets-personnalises-300x212.png\",\"datePublished\":\"2023-10-29T17:49:01+00:00\",\"dateModified\":\"2025-07-24T17:03:30+00:00\",\"description\":\"Casino Alsace propose une large gamme de services compl\u00e9mentaires pour agr\u00e9menter et personnaliser votre soir\u00e9e Casino. Contactez-nous !\",\"breadcrumb\":{\"@id\":\"https:\/\/www.casinoalsace.fr\/index.php\/animations-complementaires\/#breadcrumb\"},\"inLanguage\":\"fr-FR\",\"potentialAction\":[{\"@type\":\"ReadAction\",\"target\":[\"https:\/\/www.casinoalsace.fr\/index.php\/animations-complementaires\/\"]}]},{\"@type\":\"ImageObject\",\"inLanguage\":\"fr-FR\",\"@id\":\"https:\/\/www.casinoalsace.fr\/index.php\/animations-complementaires\/#primaryimage\",\"url\":\"https:\/\/www.casinoalsace.fr\/wp-content\/uploads\/2024\/03\/billets-personnalises.png\",\"contentUrl\":\"https:\/\/www.casinoalsace.fr\/wp-content\/uploads\/2024\/03\/billets-personnalises.png\",\"width\":595,\"height\":420,\"caption\":\"billets personnalis\u00e9s fausse monnaie de jeu casino alsace\"},{\"@type\":\"BreadcrumbList\",\"@id\":\"https:\/\/www.casinoalsace.fr\/index.php\/animations-complementaires\/#breadcrumb\",\"itemListElement\":[{\"@type\":\"ListItem\",\"position\":1,\"name\":\"Accueil\",\"item\":\"https:\/\/www.casinoalsace.fr\/\"},{\"@type\":\"ListItem\",\"position\":2,\"name\":\"Animations compl\u00e9mentaires\"}]},{\"@type\":\"WebSite\",\"@id\":\"https:\/\/www.casinoalsace.fr\/#website\",\"url\":\"https:\/\/www.casinoalsace.fr\/\",\"name\":\"Casino Alsace\",\"description\":\"by Artiste en Coulisse\",\"publisher\":{\"@id\":\"https:\/\/www.casinoalsace.fr\/#organization\"},\"potentialAction\":[{\"@type\":\"SearchAction\",\"target\":{\"@type\":\"EntryPoint\",\"urlTemplate\":\"https:\/\/www.casinoalsace.fr\/?s={search_term_string}\"},\"query-input\":\"required name=search_term_string\"}],\"inLanguage\":\"fr-FR\"},{\"@type\":\"Organization\",\"@id\":\"https:\/\/www.casinoalsace.fr\/#organization\",\"name\":\"Casino Alsace\",\"url\":\"https:\/\/www.casinoalsace.fr\/\",\"logo\":{\"@type\":\"ImageObject\",\"inLanguage\":\"fr-FR\",\"@id\":\"https:\/\/www.casinoalsace.fr\/#\/schema\/logo\/image\/\",\"url\":\"https:\/\/www.casinoalsace.fr\/wp-content\/uploads\/2024\/01\/cropped-Logo-Casino-Alsace-01.png\",\"contentUrl\":\"https:\/\/www.casinoalsace.fr\/wp-content\/uploads\/2024\/01\/cropped-Logo-Casino-Alsace-01.png\",\"width\":625,\"height\":322,\"caption\":\"Casino Alsace\"},\"image\":{\"@id\":\"https:\/\/www.casinoalsace.fr\/#\/schema\/logo\/image\/\"}}]}<\/script>\n<!-- \/ Yoast SEO plugin. -->","yoast_head_json":{"title":"Nos animations compl\u00e9mentaires | Casino Alsace","description":"Casino Alsace propose une large gamme de services compl\u00e9mentaires pour agr\u00e9menter et personnaliser votre soir\u00e9e Casino. Contactez-nous !","robots":{"index":"index","follow":"follow","max-snippet":"max-snippet:-1","max-image-preview":"max-image-preview:large","max-video-preview":"max-video-preview:-1"},"canonical":"https:\/\/www.casinoalsace.fr\/index.php\/animations-complementaires\/","og_locale":"fr_FR","og_type":"article","og_title":"Nos animations compl\u00e9mentaires | Casino Alsace","og_description":"Casino Alsace propose une large gamme de services compl\u00e9mentaires pour agr\u00e9menter et personnaliser votre soir\u00e9e Casino. Contactez-nous !","og_url":"https:\/\/www.casinoalsace.fr\/index.php\/animations-complementaires\/","og_site_name":"Casino Alsace","article_modified_time":"2025-07-24T17:03:30+00:00","og_image":[{"url":"http:\/\/www.casinoalsace.fr\/wp-content\/uploads\/2024\/03\/billets-personnalises-300x212.png"}],"twitter_card":"summary_large_image","twitter_misc":{"Dur\u00e9e de lecture estim\u00e9e":"3 minutes"},"schema":{"@context":"https:\/\/schema.org","@graph":[{"@type":"WebPage","@id":"https:\/\/www.casinoalsace.fr\/index.php\/animations-complementaires\/","url":"https:\/\/www.casinoalsace.fr\/index.php\/animations-complementaires\/","name":"Nos animations compl\u00e9mentaires | Casino Alsace","isPartOf":{"@id":"https:\/\/www.casinoalsace.fr\/#website"},"primaryImageOfPage":{"@id":"https:\/\/www.casinoalsace.fr\/index.php\/animations-complementaires\/#primaryimage"},"image":{"@id":"https:\/\/www.casinoalsace.fr\/index.php\/animations-complementaires\/#primaryimage"},"thumbnailUrl":"http:\/\/www.casinoalsace.fr\/wp-content\/uploads\/2024\/03\/billets-personnalises-300x212.png","datePublished":"2023-10-29T17:49:01+00:00","dateModified":"2025-07-24T17:03:30+00:00","description":"Casino Alsace propose une large gamme de services compl\u00e9mentaires pour agr\u00e9menter et personnaliser votre soir\u00e9e Casino. Contactez-nous !","breadcrumb":{"@id":"https:\/\/www.casinoalsace.fr\/index.php\/animations-complementaires\/#breadcrumb"},"inLanguage":"fr-FR","potentialAction":[{"@type":"ReadAction","target":["https:\/\/www.casinoalsace.fr\/index.php\/animations-complementaires\/"]}]},{"@type":"ImageObject","inLanguage":"fr-FR","@id":"https:\/\/www.casinoalsace.fr\/index.php\/animations-complementaires\/#primaryimage","url":"https:\/\/www.casinoalsace.fr\/wp-content\/uploads\/2024\/03\/billets-personnalises.png","contentUrl":"https:\/\/www.casinoalsace.fr\/wp-content\/uploads\/2024\/03\/billets-personnalises.png","width":595,"height":420,"caption":"billets personnalis\u00e9s fausse monnaie de jeu casino alsace"},{"@type":"BreadcrumbList","@id":"https:\/\/www.casinoalsace.fr\/index.php\/animations-complementaires\/#breadcrumb","itemListElement":[{"@type":"ListItem","position":1,"name":"Accueil","item":"https:\/\/www.casinoalsace.fr\/"},{"@type":"ListItem","position":2,"name":"Animations compl\u00e9mentaires"}]},{"@type":"WebSite","@id":"https:\/\/www.casinoalsace.fr\/#website","url":"https:\/\/www.casinoalsace.fr\/","name":"Casino Alsace","description":"by Artiste en Coulisse","publisher":{"@id":"https:\/\/www.casinoalsace.fr\/#organization"},"potentialAction":[{"@type":"SearchAction","target":{"@type":"EntryPoint","urlTemplate":"https:\/\/www.casinoalsace.fr\/?s={search_term_string}"},"query-input":"required name=search_term_string"}],"inLanguage":"fr-FR"},{"@type":"Organization","@id":"https:\/\/www.casinoalsace.fr\/#organization","name":"Casino Alsace","url":"https:\/\/www.casinoalsace.fr\/","logo":{"@type":"ImageObject","inLanguage":"fr-FR","@id":"https:\/\/www.casinoalsace.fr\/#\/schema\/logo\/image\/","url":"https:\/\/www.casinoalsace.fr\/wp-content\/uploads\/2024\/01\/cropped-Logo-Casino-Alsace-01.png","contentUrl":"https:\/\/www.casinoalsace.fr\/wp-content\/uploads\/2024\/01\/cropped-Logo-Casino-Alsace-01.png","width":625,"height":322,"caption":"Casino Alsace"},"image":{"@id":"https:\/\/www.casinoalsace.fr\/#\/schema\/logo\/image\/"}}]}},"_links":{"self":[{"href":"https:\/\/www.casinoalsace.fr\/index.php\/wp-json\/wp\/v2\/pages\/17","targetHints":{"allow":["GET"]}}],"collection":[{"href":"https:\/\/www.casinoalsace.fr\/index.php\/wp-json\/wp\/v2\/pages"}],"about":[{"href":"https:\/\/www.casinoalsace.fr\/index.php\/wp-json\/wp\/v2\/types\/page"}],"author":[{"embeddable":true,"href":"https:\/\/www.casinoalsace.fr\/index.php\/wp-json\/wp\/v2\/users\/1"}],"replies":[{"embeddable":true,"href":"https:\/\/www.casinoalsace.fr\/index.php\/wp-json\/wp\/v2\/comments?post=17"}],"version-history":[{"count":21,"href":"https:\/\/www.casinoalsace.fr\/index.php\/wp-json\/wp\/v2\/pages\/17\/revisions"}],"predecessor-version":[{"id":250,"href":"https:\/\/www.casinoalsace.fr\/index.php\/wp-json\/wp\/v2\/pages\/17\/revisions\/250"}],"wp:attachment":[{"href":"https:\/\/www.casinoalsace.fr\/index.php\/wp-json\/wp\/v2\/media?parent=17"}],"curies":[{"name":"wp","href":"https:\/\/api.w.org\/{rel}","templated":true}]}}